{"id":1187,"date":"2018-10-02T05:15:40","date_gmt":"2018-10-02T05:15:40","guid":{"rendered":"http:\/\/winchesterfilmfestival.com\/?page_id=1187"},"modified":"2025-02-13T16:27:57","modified_gmt":"2025-02-13T16:27:57","slug":"official-selection-2019","status":"publish","type":"page","link":"https:\/\/winchesterfilmfestival.com\/?page_id=1187","title":{"rendered":"Official Selection 2024-25"},"content":{"rendered":"\t\t<div data-elementor-type=\"wp-post\" data-elementor-id=\"1187\" class=\"elementor elementor-1187\">\n\t\t\t\t\t\t<section class=\"elementor-section elementor-top-section elementor-element elementor-element-5303cc8e elementor-section-boxed elementor-section-height-default elementor-section-height-default\" data-id=\"5303cc8e\" data-element_type=\"section\" data-settings=\"{&quot;background_background&quot;:&quot;classic&quot;,&quot;shape_divider_bottom&quot;:&quot;curve&quot;,&quot;shape_divider_bottom_negative&quot;:&quot;yes&quot;}\">\n\t\t\t\t\t\t\t<div class=\"elementor-background-overlay\"><\/div>\n\t\t\t\t\t\t<div class=\"elementor-shape elementor-shape-bottom\" data-negative=\"true\">\n\t\t\t<svg xmlns=\"http:\/\/www.w3.org\/2000\/svg\" viewBox=\"0 0 1000 100\" preserveAspectRatio=\"none\">\n\t<path class=\"elementor-shape-fill\" d=\"M500,97C126.7,96.3,0.8,19.8,0,0v100l1000,0V1C1000,19.4,873.3,97.8,500,97z\"\/>\n<\/svg>\t\t<\/div>\n\t\t\t\t\t<div class=\"elementor-container elementor-column-gap-default\">\n\t\t\t\t\t<div class=\"elementor-column elementor-col-100 elementor-top-column elementor-element elementor-element-76dbbfbc\" data-id=\"76dbbfbc\" data-element_type=\"column\">\n\t\t\t<div class=\"elementor-widget-wrap elementor-element-populated\">\n\t\t\t\t\t\t<div class=\"elementor-element elementor-element-6028b517 elementor-widget elementor-widget-heading\" data-id=\"6028b517\" data-element_type=\"widget\" data-widget_type=\"heading.default\">\n\t\t\t\t<div class=\"elementor-widget-container\">\n\t\t\t<h2 class=\"elementor-heading-title elementor-size-default\">WFF_2025 Official Selection<\/h2>\t\t<\/div>\n\t\t\t\t<\/div>\n\t\t\t\t\t<\/div>\n\t\t<\/div>\n\t\t\t\t\t<\/div>\n\t\t<\/section>\n\t\t\t\t<section class=\"elementor-section elementor-top-section elementor-element elementor-element-fac8b8f elementor-section-boxed elementor-section-height-default elementor-section-height-default\" data-id=\"fac8b8f\" data-element_type=\"section\">\n\t\t\t\t\t\t<div class=\"elementor-container elementor-column-gap-default\">\n\t\t\t\t\t<div class=\"elementor-column elementor-col-100 elementor-top-column elementor-element elementor-element-614e9a0e\" data-id=\"614e9a0e\" data-element_type=\"column\">\n\t\t\t<div class=\"elementor-widget-wrap elementor-element-populated\">\n\t\t\t\t\t\t<div class=\"elementor-element elementor-element-0bca16e elementor-align-center elementor-widget elementor-widget-button\" data-id=\"0bca16e\" data-element_type=\"widget\" data-widget_type=\"button.default\">\n\t\t\t\t<div class=\"elementor-widget-container\">\n\t\t\t\t\t<div class=\"elementor-button-wrapper\">\n\t\t\t<a class=\"elementor-button elementor-button-link elementor-size-sm\" href=\"https:\/\/drive.google.com\/file\/d\/1Ll9GqETLGKrv3oqBO7Lv_ZaG4q5sAKYZ\/view?usp=sharing\">\n\t\t\t\t\t\t<span class=\"elementor-button-content-wrapper\">\n\t\t\t\t\t\t\t\t\t<span class=\"elementor-button-text\">Official Selection laurels 2025<\/span>\n\t\t\t\t\t<\/span>\n\t\t\t\t\t<\/a>\n\t\t<\/div>\n\t\t\t\t<\/div>\n\t\t\t\t<\/div>\n\t\t\t\t<div class=\"elementor-element elementor-element-1a1467a1 elementor-widget elementor-widget-text-editor\" data-id=\"1a1467a1\" data-element_type=\"widget\" data-widget_type=\"text-editor.default\">\n\t\t\t\t<div class=\"elementor-widget-container\">\n\t\t\t\t\t\t\t<p>\u00a0<\/p><p>Below are the films that have been selected for the\u00a0<strong>WFF_2025 Official Selection.<\/strong><\/p><p>The <strong>Official Selection<\/strong> contains the films selected for screening and are eligible for <span style=\"text-decoration: underline;\"><span style=\"color: #ef3e36;\"><a style=\"color: #ef3e36; text-decoration: underline;\" href=\"https:\/\/drive.google.com\/file\/d\/1Ll9GqETLGKrv3oqBO7Lv_ZaG4q5sAKYZ\/view?usp=sharing\">Official Selection Laurels<\/a><\/span><\/span><\/p><p>The <strong>Award Winners<\/strong> and <strong>Special Mentions<\/strong> of each category will be announced during <strong>Part 2<\/strong> of the festival, which will take place in \u00a0<strong>November 2025.<\/strong> \u00a0(dates to be confirmed).\u00a0<\/p><p>Our social media tags are: @winchesterfilm (instagram &amp; X)<\/p><p>If your film or a film you represent is included in the Official Selection\u00a0 and the title or director&#8217;s name are not correct, please contact us at<strong> myfilm@winchesterfilmfestival.com<\/strong> (using as subject matter: Correction to Official Selection 2024\/25 + title of your film) so that we can correct it immediately. We know how important this is to you.<\/p><p>For urgent enquiries call: +44 (0)7734470633 (WhatsApp Only)<\/p>\t\t\t\t\t\t<\/div>\n\t\t\t\t<\/div>\n\t\t\t\t<div class=\"elementor-element elementor-element-58294e80 elementor-widget elementor-widget-heading\" data-id=\"58294e80\" data-element_type=\"widget\" data-widget_type=\"heading.default\">\n\t\t\t\t<div class=\"elementor-widget-container\">\n\t\t\t<h2 class=\"elementor-heading-title elementor-size-default\">WFF_2025 Official Selection<\/h2>\t\t<\/div>\n\t\t\t\t<\/div>\n\t\t\t\t<div class=\"elementor-element elementor-element-30e1cea0 elementor-widget elementor-widget-text-editor\" data-id=\"30e1cea0\" data-element_type=\"widget\" data-widget_type=\"text-editor.default\">\n\t\t\t\t<div class=\"elementor-widget-container\">\n\t\t\t\t\t\t\t<p class=\"p1\"><span class=\"s1\"><b>A pleasure | <\/b>Sonia Estevez<\/span><\/p><p class=\"p1\"><span class=\"s1\"><b>Arena | <\/b>Khalil Charif<\/span><\/p><p class=\"p1\"><span class=\"s1\"><b>Black of my Eye | <\/b>Mitch Kalisa<\/span><\/p><p class=\"p1\"><span class=\"s1\"><b>Blue river <\/b>Zitong<\/span><\/p><p class=\"p1\"><span class=\"s1\"><b>Britain&#8217;s Naked Christians | <\/b>James Dunlop<\/span><\/p><p class=\"p1\"><span class=\"s1\"><b>Childhood Friends | <\/b>Jana Filzhuth<\/span><\/p><p class=\"p1\"><span class=\"s1\"><b>Crease | <\/b>Demitri Zujew<br \/><br \/><strong>Culture Talk on the Radio<\/strong> | Errkaa<\/span><\/p><p class=\"p1\"><span class=\"s1\"><b>Cut | <\/b>Saba Amiri, Peyman Ezzati<\/span><\/p><p class=\"p1\"><span class=\"s1\"><b>Dig | <\/b>Jandro<\/span><\/p><p class=\"p1\"><span class=\"s1\"><b>Divine accounts | <\/b>Eul\u00e0lia Ramon<\/span><\/p><p class=\"p1\"><span class=\"s1\"><b>Dreamfinity | <\/b>Monika Grzybowska<\/span><\/p><p class=\"p1\"><span class=\"s1\"><b>Entropy | <\/b>Anna Fam<\/span><\/p><p class=\"p1\"><span class=\"s1\"><b>Good t\u2019see ya | <\/b>N\u00fcll Garc\u00eda<\/span><\/p><p class=\"p1\"><span class=\"s1\"><b>Gritty Eyes | <\/b>Juraj Jani\u0161<\/span><\/p><p><strong>Hard times<\/strong> | Elliot Gonzo, Elliot Warren<\/p><p><span class=\"s1\"><b>Helen of Troy&#8217;s | <\/b>Nick Fl\u00fcgge<br \/><\/span><\/p><p class=\"p1\"><span class=\"s1\"><b>Hello Again, Nice To Meet You | <\/b>Finn O\u2019Toole<\/span><\/p><p><b>Just Be Awesome\u00a0 | <\/b>Ed Kear, Cringo Williamson<\/p><p><strong>Keep the Faith<\/strong> | Charlene Jones<\/p><p><span class=\"s1\"><b>Mafia | <\/b>James Cleave<\/span><\/p><p class=\"p1\"><span class=\"s1\"><b>Mouse! | <\/b>Max Fisher<\/span><\/p><p class=\"p1\"><span class=\"s1\"><b>Mum | <\/b>Julia Patey<\/span><\/p><p class=\"p1\"><span class=\"s1\"><b>Queens | <\/b>Sara Bustamante-Drozdek<br \/><\/span><\/p><p class=\"p1\"><span class=\"s1\"><b>Safe | <\/b>Debbie Howard<\/span><\/p><p class=\"p1\"><span class=\"s1\"><b>Sage | <\/b>Max Blustin<\/span><\/p><p><span class=\"s1\"><b>Signs of Life\u00a0 | <\/b>Joseph Millson<\/span><\/p><p class=\"p1\"><span class=\"s1\"><b>Strangers Like Us | <\/b>Pipi Frostl, Felix Krisai<\/span><\/p><p><strong>Sucker&#8217;s Death<\/strong> | Krzysztof Grudzi\u0144ski<\/p><p><strong>The Bloody Family<\/strong> | Amir Karami<\/p><p><strong>The Circle<\/strong> | <span class=\"s1\">Evgeniy Bakirov<\/span><\/p><p><b><\/b><span class=\"s1\"><b>The Four Seasons | <\/b>Maxim Shabalin<\/span><\/p><p><span class=\"s1\"><b>The RedRoom | <\/b>Sophie Cohen, Michael Lindsay<\/span><\/p><p class=\"p1\"><span class=\"s1\"><b>Tribu | <\/b>Carlos G\u00f3mez-Trigo<\/span><\/p><p class=\"p1\"><span class=\"s1\"><b>Two Lifetimes | <\/b>Aaron Singh<br \/><\/span><\/p><p class=\"p1\"><span class=\"s1\"><b>Uplift | <\/b>David Garc\u00eda D\u00edaz, Rut Garc\u00eda D\u00edaz<\/span><\/p><p class=\"p1\"><span class=\"s1\"><b>Wild Eye Pub | <\/b>Filip Nerold<\/span><\/p><p class=\"p1\"><span class=\"s1\"><b>Winter Song | <\/b>Kate Graham<\/span><\/p><p>END<\/p>\t\t\t\t\t\t<\/div>\n\t\t\t\t<\/div>\n\t\t\t\t\t<\/div>\n\t\t<\/div>\n\t\t\t\t\t<\/div>\n\t\t<\/section>\n\t\t\t\t<section class=\"elementor-section elementor-top-section elementor-element elementor-element-54764909 elementor-section-full_width elementor-section-height-default elementor-section-height-default\" data-id=\"54764909\" data-element_type=\"section\">\n\t\t\t\t\t\t<div class=\"elementor-container elementor-column-gap-no\">\n\t\t\t\t\t<div class=\"elementor-column elementor-col-100 elementor-top-column elementor-element elementor-element-7767ab5\" data-id=\"7767ab5\" data-element_type=\"column\">\n\t\t\t<div class=\"elementor-widget-wrap elementor-element-populated\">\n\t\t\t\t\t\t<div class=\"elementor-element elementor-element-33a6d51 elementor-widget elementor-widget-image\" data-id=\"33a6d51\" data-element_type=\"widget\" data-widget_type=\"image.default\">\n\t\t\t\t<div class=\"elementor-widget-container\">\n\t\t\t\t\t\t\t\t\t\t\t\t\t<img fetchpriority=\"high\" decoding=\"async\" width=\"945\" height=\"945\" src=\"https:\/\/winchesterfilmfestival.com\/wp-content\/uploads\/2018\/05\/WSFF-2017-High-Res-137.jpg\" class=\"attachment-large size-large wp-image-699\" alt=\"\" srcset=\"https:\/\/winchesterfilmfestival.com\/wp-content\/uploads\/2018\/05\/WSFF-2017-High-Res-137.jpg 945w, https:\/\/winchesterfilmfestival.com\/wp-content\/uploads\/2018\/05\/WSFF-2017-High-Res-137-150x150.jpg 150w, https:\/\/winchesterfilmfestival.com\/wp-content\/uploads\/2018\/05\/WSFF-2017-High-Res-137-300x300.jpg 300w, https:\/\/winchesterfilmfestival.com\/wp-content\/uploads\/2018\/05\/WSFF-2017-High-Res-137-768x768.jpg 768w, https:\/\/winchesterfilmfestival.com\/wp-content\/uploads\/2018\/05\/WSFF-2017-High-Res-137-250x250.jpg 250w\" sizes=\"(max-width: 945px) 100vw, 945px\" \/>\t\t\t\t\t\t\t\t\t\t\t\t\t<\/div>\n\t\t\t\t<\/div>\n\t\t\t\t<div class=\"elementor-element elementor-element-5f3ee296 elementor-widget elementor-widget-text-editor\" data-id=\"5f3ee296\" data-element_type=\"widget\" data-widget_type=\"text-editor.default\">\n\t\t\t\t<div class=\"elementor-widget-container\">\n\t\t\t\t\t\t\t<p>Find out what we&#8217;re up to &#8211; follow us on social media<\/p>\t\t\t\t\t\t<\/div>\n\t\t\t\t<\/div>\n\t\t\t\t\t<\/div>\n\t\t<\/div>\n\t\t\t\t\t<\/div>\n\t\t<\/section>\n\t\t\t\t<section class=\"elementor-section elementor-top-section elementor-element elementor-element-27a847ba elementor-section-full_width elementor-section-height-default elementor-section-height-default\" data-id=\"27a847ba\" data-element_type=\"section\" data-settings=\"{&quot;background_background&quot;:&quot;classic&quot;}\">\n\t\t\t\t\t\t<div class=\"elementor-container elementor-column-gap-default\">\n\t\t\t\t\t<div class=\"elementor-column elementor-col-33 elementor-top-column elementor-element elementor-element-4869a221\" data-id=\"4869a221\" data-element_type=\"column\">\n\t\t\t<div class=\"elementor-widget-wrap elementor-element-populated\">\n\t\t\t\t\t\t<div class=\"elementor-element elementor-element-1ce13f61 elementor-widget elementor-widget-heading\" data-id=\"1ce13f61\" data-element_type=\"widget\" data-widget_type=\"heading.default\">\n\t\t\t\t<div class=\"elementor-widget-container\">\n\t\t\t<h2 class=\"elementor-heading-title elementor-size-default\"><b>Newsletter<\/b><\/h2>\t\t<\/div>\n\t\t\t\t<\/div>\n\t\t\t\t<div class=\"elementor-element elementor-element-14bd4ee4 elementor-widget elementor-widget-heading\" data-id=\"14bd4ee4\" data-element_type=\"widget\" data-widget_type=\"heading.default\">\n\t\t\t\t<div class=\"elementor-widget-container\">\n\t\t\t<h2 class=\"elementor-heading-title elementor-size-default\">Keep up to date with all festival news, screenings and key dates by signing up to our newsletter. We'll  only send you news directly related to the film festival and won't share you details with anyone.*<\/h2>\t\t<\/div>\n\t\t\t\t<\/div>\n\t\t\t\t\t<\/div>\n\t\t<\/div>\n\t\t\t\t<div class=\"elementor-column elementor-col-33 elementor-top-column elementor-element elementor-element-117c540c\" data-id=\"117c540c\" data-element_type=\"column\">\n\t\t\t<div class=\"elementor-widget-wrap elementor-element-populated\">\n\t\t\t\t\t\t<div class=\"elementor-element elementor-element-70ef9be7 elementor-widget elementor-widget-image\" data-id=\"70ef9be7\" data-element_type=\"widget\" data-widget_type=\"image.default\">\n\t\t\t\t<div class=\"elementor-widget-container\">\n\t\t\t\t\t\t\t\t\t\t\t\t\t\t<a href=\"https:\/\/twitter.com\/WinchesterFilm\">\n\t\t\t\t\t\t\t<img decoding=\"async\" src=\"https:\/\/winchesterfilmfestival.com\/wp-content\/uploads\/elementor\/thumbs\/Twitter_Round1-pxa1hygyfxap6lp87cm3fy6t2jwrubflhj793fujzi.png\" title=\"Twitter_Round1\" alt=\"\" class=\"elementor-animation-pulse-grow\" loading=\"lazy\" \/>\t\t\t\t\t\t\t\t<\/a>\n\t\t\t\t\t\t\t\t\t\t\t\t\t<\/div>\n\t\t\t\t<\/div>\n\t\t\t\t<div class=\"elementor-element elementor-element-fc0de2f elementor-widget elementor-widget-image\" data-id=\"fc0de2f\" data-element_type=\"widget\" data-widget_type=\"image.default\">\n\t\t\t\t<div class=\"elementor-widget-container\">\n\t\t\t\t\t\t\t\t\t\t\t\t\t\t<a href=\"https:\/\/www.instagram.com\/winchesterfilm\/\">\n\t\t\t\t\t\t\t<img decoding=\"async\" src=\"https:\/\/winchesterfilmfestival.com\/wp-content\/uploads\/elementor\/thumbs\/Instagram_Round-pxa1gxt91dwilt6h5ern8pftwixgi4e2chrbdncwq6.png\" title=\"Instagram_Round\" alt=\"\" class=\"elementor-animation-pulse-grow\" loading=\"lazy\" \/>\t\t\t\t\t\t\t\t<\/a>\n\t\t\t\t\t\t\t\t\t\t\t\t\t<\/div>\n\t\t\t\t<\/div>\n\t\t\t\t<div class=\"elementor-element elementor-element-451e049c elementor-widget elementor-widget-image\" data-id=\"451e049c\" data-element_type=\"widget\" data-widget_type=\"image.default\">\n\t\t\t\t<div class=\"elementor-widget-container\">\n\t\t\t\t\t\t\t\t\t\t\t\t\t\t<a href=\"https:\/\/www.facebook.com\/winchestershortfilmfest\/\">\n\t\t\t\t\t\t\t<img decoding=\"async\" src=\"https:\/\/winchesterfilmfestival.com\/wp-content\/uploads\/elementor\/thumbs\/Facebook_Round-2-pxa1v55gb9ci1ojq7jsox4el24x4tgs1msngg6aqpa.png\" title=\"Facebook_Round-2\" alt=\"\" class=\"elementor-animation-pulse-grow\" loading=\"lazy\" \/>\t\t\t\t\t\t\t\t<\/a>\n\t\t\t\t\t\t\t\t\t\t\t\t\t<\/div>\n\t\t\t\t<\/div>\n\t\t\t\t\t<\/div>\n\t\t<\/div>\n\t\t\t\t<div class=\"elementor-column elementor-col-33 elementor-top-column elementor-element elementor-element-65542c64\" data-id=\"65542c64\" data-element_type=\"column\">\n\t\t\t<div class=\"elementor-widget-wrap elementor-element-populated\">\n\t\t\t\t\t\t<div class=\"elementor-element elementor-element-34d1338 elementor-widget elementor-widget-text-editor\" data-id=\"34d1338\" data-element_type=\"widget\" data-widget_type=\"text-editor.default\">\n\t\t\t\t<div class=\"elementor-widget-container\">\n\t\t\t\t\t\t\t<p style=\"text-align: left;\"><b>Contact Us\u00a0<br \/><\/b><\/p>\t\t\t\t\t\t<\/div>\n\t\t\t\t<\/div>\n\t\t\t\t<div class=\"elementor-element elementor-element-66fb2790 elementor-widget elementor-widget-text-editor\" data-id=\"66fb2790\" data-element_type=\"widget\" data-widget_type=\"text-editor.default\">\n\t\t\t\t<div class=\"elementor-widget-container\">\n\t\t\t\t\t\t\t<p style=\"text-align: left;\"><span style=\"font-size: 14px;\">For general enquiries about the festival and festival screenings, please email <span style=\"color: #ef3e36;\"><b>enquiries@winchesterfilmfestival.com<\/b> <\/span><br \/><\/span><span style=\"font-size: 14px;\">or you can get in touch via our <span style=\"text-decoration: underline;\"><b>contact form<\/b><\/span>.<\/span><\/p>\t\t\t\t\t\t<\/div>\n\t\t\t\t<\/div>\n\t\t\t\t<div class=\"elementor-element elementor-element-29c30104 elementor-widget elementor-widget-text-editor\" data-id=\"29c30104\" data-element_type=\"widget\" data-widget_type=\"text-editor.default\">\n\t\t\t\t<div class=\"elementor-widget-container\">\n\t\t\t\t\t\t\t<p style=\"text-align: left;\"><span style=\"font-size: 14px;\">For enquiries about partnerships and sponsorships, please email <span style=\"color: #ef3e36;\"><b>enquiries@wfa.uk.com<\/b>\u00a0<\/span><br \/><\/span><\/p>\t\t\t\t\t\t<\/div>\n\t\t\t\t<\/div>\n\t\t\t\t<div class=\"elementor-element elementor-element-297b07f0 elementor-widget elementor-widget-text-editor\" data-id=\"297b07f0\" data-element_type=\"widget\" data-widget_type=\"text-editor.default\">\n\t\t\t\t<div class=\"elementor-widget-container\">\n\t\t\t\t\t\t\t<p>Winchester Film Festival is run by Winchester Film &amp; Art CIC<br \/><a href=\"http:\/\/wfa.uk.com\"><span style=\"color: #ef3e36;\">www.wfa.uk.com<\/span><\/a><br \/>Responsible also for the satire magazine SMUG<br \/><a href=\"http:\/\/smugwinchester.com\"><span style=\"font-size: 14px; color: #ef3e36;\">www.smugwinchester.com<\/span><\/a><\/p>\t\t\t\t\t\t<\/div>\n\t\t\t\t<\/div>\n\t\t\t\t\t<\/div>\n\t\t<\/div>\n\t\t\t\t\t<\/div>\n\t\t<\/section>\n\t\t\t\t<section class=\"elementor-section elementor-top-section elementor-element elementor-element-5bbc3aed elementor-section-boxed elementor-section-height-default elementor-section-height-default\" data-id=\"5bbc3aed\" data-element_type=\"section\" data-settings=\"{&quot;background_background&quot;:&quot;classic&quot;}\">\n\t\t\t\t\t\t<div class=\"elementor-container elementor-column-gap-default\">\n\t\t\t\t\t<div class=\"elementor-column elementor-col-100 elementor-top-column elementor-element elementor-element-35f7477c\" data-id=\"35f7477c\" data-element_type=\"column\">\n\t\t\t<div class=\"elementor-widget-wrap elementor-element-populated\">\n\t\t\t\t\t\t<div class=\"elementor-element elementor-element-171c1e8a elementor-widget elementor-widget-text-editor\" data-id=\"171c1e8a\" data-element_type=\"widget\" data-widget_type=\"text-editor.default\">\n\t\t\t\t<div class=\"elementor-widget-container\">\n\t\t\t\t\t\t\t<p style=\"text-align: center;\">copyright @ 2018 Winchester Film Festival\u00a0<\/p>\t\t\t\t\t\t<\/div>\n\t\t\t\t<\/div>\n\t\t\t\t\t<\/div>\n\t\t<\/div>\n\t\t\t\t\t<\/div>\n\t\t<\/section>\n\t\t\t\t<\/div>\n\t\t","protected":false},"excerpt":{"rendered":"<p>WFF_2025 Official Selection Official Selection laurels 2025 \u00a0 Below are the films that have been selected for the\u00a0WFF_2025 Official Selection. The Official Selection contains the films selected for screening and are eligible for Official Selection Laurels The Award Winners and Special Mentions of each category will be announced during Part 2 of the festival, which [&hellip;]<\/p>\n","protected":false},"author":1,"featured_media":0,"parent":0,"menu_order":0,"comment_status":"closed","ping_status":"closed","template":"","meta":{"ocean_post_layout":"full-screen","ocean_both_sidebars_style":"","ocean_both_sidebars_content_width":0,"ocean_both_sidebars_sidebars_width":0,"ocean_sidebar":"0","ocean_second_sidebar":"0","ocean_disable_margins":"enable","ocean_add_body_class":"","ocean_shortcode_before_top_bar":"","ocean_shortcode_after_top_bar":"","ocean_shortcode_before_header":"","ocean_shortcode_after_header":"","ocean_has_shortcode":"","ocean_shortcode_after_title":"","ocean_shortcode_before_footer_widgets":"","ocean_shortcode_after_footer_widgets":"","ocean_shortcode_before_footer_bottom":"","ocean_shortcode_after_footer_bottom":"","ocean_display_top_bar":"default","ocean_display_header":"default","ocean_header_style":"","ocean_center_header_left_menu":"0","ocean_custom_header_template":"0","ocean_custom_logo":0,"ocean_custom_retina_logo":0,"ocean_custom_logo_max_width":0,"ocean_custom_logo_tablet_max_width":0,"ocean_custom_logo_mobile_max_width":0,"ocean_custom_logo_max_height":0,"ocean_custom_logo_tablet_max_height":0,"ocean_custom_logo_mobile_max_height":0,"ocean_header_custom_menu":"0","ocean_menu_typo_font_family":"","ocean_menu_typo_font_subset":"","ocean_menu_typo_font_size":0,"ocean_menu_typo_font_size_tablet":0,"ocean_menu_typo_font_size_mobile":0,"ocean_menu_typo_font_size_unit":"px","ocean_menu_typo_font_weight":"","ocean_menu_typo_font_weight_tablet":"","ocean_menu_typo_font_weight_mobile":"","ocean_menu_typo_transform":"","ocean_menu_typo_transform_tablet":"","ocean_menu_typo_transform_mobile":"","ocean_menu_typo_line_height":0,"ocean_menu_typo_line_height_tablet":0,"ocean_menu_typo_line_height_mobile":0,"ocean_menu_typo_line_height_unit":"","ocean_menu_typo_spacing":0,"ocean_menu_typo_spacing_tablet":0,"ocean_menu_typo_spacing_mobile":0,"ocean_menu_typo_spacing_unit":"","ocean_menu_link_color":"","ocean_menu_link_color_hover":"","ocean_menu_link_color_active":"","ocean_menu_link_background":"","ocean_menu_link_hover_background":"","ocean_menu_link_active_background":"","ocean_menu_social_links_bg":"","ocean_menu_social_hover_links_bg":"","ocean_menu_social_links_color":"","ocean_menu_social_hover_links_color":"","ocean_disable_title":"on","ocean_disable_heading":"default","ocean_post_title":"","ocean_post_subheading":"","ocean_post_title_style":"","ocean_post_title_background_color":"","ocean_post_title_background":0,"ocean_post_title_bg_image_position":"","ocean_post_title_bg_image_attachment":"","ocean_post_title_bg_image_repeat":"","ocean_post_title_bg_image_size":"","ocean_post_title_height":0,"ocean_post_title_bg_overlay":0.5,"ocean_post_title_bg_overlay_color":"","ocean_disable_breadcrumbs":"default","ocean_breadcrumbs_color":"","ocean_breadcrumbs_separator_color":"","ocean_breadcrumbs_links_color":"","ocean_breadcrumbs_links_hover_color":"","ocean_display_footer_widgets":"off","ocean_display_footer_bottom":"off","ocean_custom_footer_template":"","footnotes":""},"class_list":["post-1187","page","type-page","status-publish","hentry","entry"],"_links":{"self":[{"href":"https:\/\/winchesterfilmfestival.com\/index.php?rest_route=\/wp\/v2\/pages\/1187"}],"collection":[{"href":"https:\/\/winchesterfilmfestival.com\/index.php?rest_route=\/wp\/v2\/pages"}],"about":[{"href":"https:\/\/winchesterfilmfestival.com\/index.php?rest_route=\/wp\/v2\/types\/page"}],"author":[{"embeddable":true,"href":"https:\/\/winchesterfilmfestival.com\/index.php?rest_route=\/wp\/v2\/users\/1"}],"replies":[{"embeddable":true,"href":"https:\/\/winchesterfilmfestival.com\/index.php?rest_route=%2Fwp%2Fv2%2Fcomments&post=1187"}],"version-history":[{"count":184,"href":"https:\/\/winchesterfilmfestival.com\/index.php?rest_route=\/wp\/v2\/pages\/1187\/revisions"}],"predecessor-version":[{"id":4252,"href":"https:\/\/winchesterfilmfestival.com\/index.php?rest_route=\/wp\/v2\/pages\/1187\/revisions\/4252"}],"wp:attachment":[{"href":"https:\/\/winchesterfilmfestival.com\/index.php?rest_route=%2Fwp%2Fv2%2Fmedia&parent=1187"}],"curies":[{"name":"wp","href":"https:\/\/api.w.org\/{rel}","templated":true}]}}